
Is 68813 prime?
True
Is 601143 prime?
False
Is 17077 prime?
True
Is 287909 composite?
True
Is 9227 prime?
True
Is 50527 a prime number?
True
Is 18701 prime?
True
Is 88999 composite?
True
Is 59509 composite?
False
Is 737 a composite number?
True
Is 13441 composite?
False
Is 139067 composite?
False
Is 23367 a prime number?
False
Is 254549 a prime number?
False
Is 35671 a composite number?
False
Is 2203 a composite number?
False
Is 44483 a composite number?
False
Is 3973 a composite number?
True
Is 2741 a prime number?
True
Is 155887 a prime number?
True
Is 3870635 a composite number?
True
Is 198103 composite?
True
Is 148729 composite?
True
Is 61949 prime?
True
Is 58831 a prime number?
True
Is 433777 a composite number?
False
Is 41845 prime?
False
Is 125863 composite?
False
Is 20681 composite?
False
Is 457 prime?
True
Is 1682413 prime?
True
Is 4462154 a prime number?
False
Is 49727 prime?
True
Is 1988131 a prime number?
False
Is 137967 a composite number?
True
Is 65597 a composite number?
True
Is 2757 a composite number?
True
Is 253003 prime?
True
Is 3578 composite?
True
Is 5359 a composite number?
True
Is 3809 a composite number?
True
Is 21377 prime?
True
Is 387857 prime?
True
Is 211681 composite?
False
Is 68573 a prime number?
False
Is 21145 composite?
True
Is 227011 prime?
True
Is 1461449 a composite number?
True
Is 2450177 prime?
False
Is 63191 prime?
False
Is 7663 prime?
False
Is 3017 composite?
True
Is 327553 a composite number?
False
Is 743815 a prime number?
False
Is 644647 prime?
True
Is 4441 a composite number?
False
Is 1823 prime?
True
Is 74299 a composite number?
True
Is 157 a prime number?
True
Is 17647 composite?
True
Is 9543 a composite number?
True
Is 34189 prime?
False
Is 3712823 prime?
True
Is 2463 a prime number?
False
Is 410947 composite?
True
Is 5155 a composite number?
True
Is 105649 composite?
False
Is 6011 a composite number?
False
Is 59441 a prime number?
True
Is 1069 prime?
True
Is 166213 a prime number?
False
Is 4721 prime?
True
Is 15013 prime?
True
Is 917941 composite?
True
Is 20287 a composite number?
False
Is 6274 a prime number?
False
Is 4847 prime?
False
Is 1323155 a composite number?
True
Is 281509 prime?
True
Is 17191 prime?
True
Is 52043 a prime number?
False
Is 24958 a prime number?
False
Is 8887 a prime number?
True
Is 1348357 composite?
False
Is 1399 composite?
False
Is 1391327 composite?
True
Is 31091 prime?
True
Is 44305 a composite number?
True
Is 24709 composite?
False
Is 496049 a composite number?
True
Is 26759 composite?
False
Is 405157 a prime number?
True
Is 758 a prime number?
False
Is 26473 a prime number?
False
Is 1394117 composite?
True
Is 253273 a prime number?
True
Is 48473 composite?
False
Is 14923 a prime number?
True
Is 307061 a prime number?
False
Is 125623 a composite number?
True
Is 7309 composite?
False
Is 563 a composite number?
False
Is 1753 a prime number?
True
Is 966881 a prime number?
False
Is 62367 a prime number?
False
Is 1087 a prime number?
True
Is 3299 a composite number?
False
Is 28349 prime?
True
Is 632189 a prime number?
True
Is 719 prime?
True
Is 1380074 composite?
True
Is 9431 composite?
False
Is 1906093 a prime number?
False
Is 51787 prime?
True
Is 617359 a prime number?
True
Is 1279 a prime number?
True
Is 228143 prime?
False
Is 9181 prime?
True
Is 20929 a composite number?
False
Is 85615 a prime number?
False
Is 5923 a composite number?
False
Is 57241 a prime number?
True
Is 245849 composite?
False
Is 586901 a prime number?
False
Is 15843 composite?
True
Is 172661 composite?
True
Is 4882 a composite number?
True
Is 61853 prime?
False
Is 699641 prime?
True
Is 2897 composite?
False
Is 272737 composite?
False
Is 794 a composite number?
True
Is 211331 composite?
True
Is 523927 prime?
True
Is 1132199 a composite number?
False
Is 5774 composite?
True
Is 1028131 a prime number?
False
Is 100247 a composite number?
True
Is 208367 a composite number?
False
Is 91441 a prime number?
False
Is 221899 prime?
False
Is 144931 prime?
True
Is 254473 composite?
True
Is 82699 prime?
True
Is 409601 composite?
True
Is 299206 prime?
False
Is 12659 a composite number?
False
Is 16283 a prime number?
False
Is 356243 composite?
False
Is 37043 composite?
True
Is 71899 composite?
False
Is 315223 prime?
True
Is 5251 composite?
True
Is 2327533 composite?
True
Is 2781029 prime?
True
Is 18883 a prime number?
False
Is 6193 prime?
False
Is 84299 a prime number?
True
Is 301789 a prime number?
True
Is 24593 prime?
True
Is 5501 composite?
False
Is 42233 prime?
False
Is 5897 a prime number?
True
Is 691 a prime number?
True
Is 376117 composite?
True
Is 3659 a prime number?
True
Is 34647 a composite number?
True
Is 4561 prime?
True
Is 51047 composite?
False
Is 1141379 composite?
False
Is 2481 prime?
False
Is 79297 prime?
False
Is 23899 composite?
False
Is 199601 composite?
False
Is 489361 a composite number?
False
Is 1050287 prime?
False
Is 213569 prime?
False
Is 6637 a prime number?
True
Is 22303 a prime number?
True
Is 192107 composite?
True
Is 58679 prime?
True
Is 157859 a prime number?
False
Is 71035 a composite number?
True
Is 170669 composite?
False
Is 13613 prime?
True
Is 14843 a composite number?
False
Is 10427 a prime number?
True
Is 8929 prime?
True
Is 7753 prime?
True
Is 802883 a prime number?
False
Is 14387 a prime number?
True
Is 2611 prime?
False
Is 484439 composite?
False
Is 84377 a composite number?
False
Is 1114801 composite?
False
Is 106055 a composite number?
True
Is 132491 a prime number?
True
Is 2893 a prime number?
False
Is 25963 a composite number?
True
Is 266273 prime?
False
Is 23979 composite?
True
Is 3961 prime?
False
Is 118127 a composite number?
False
Is 227849 composite?
False
Is 31 a prime number?
True
Is 56891 prime?
True
Is 8149 a prime number?
False
Is 30947 a composite number?
True
Is 43874 prime?
False
Is 631 a composite number?
False
Is 337027 a prime number?
False
Is 316541 a prime number?
False
Is 16331 prime?
False
Is 9599 a prime number?
False
Is 363019 a prime number?
True
Is 3841 prime?
False
Is 10559 a prime number?
True
Is 7793 prime?
True
Is 4561 composite?
False
Is 488486 a prime number?
False
Is 129721 prime?
False
Is 10551 a prime number?
False
Is 537815 composite?
True
Is 2488359 a prime number?
False
Is 23719 a prime number?
True
Is 21701 prime?
True
Is 1729051 a prime number?
True
Is 4083 prime?
False
Is 827993 composite?
True
Is 7493 composite?
True
Is 1657 a composite number?
False
Is 1657 a composite number?
False
Is 103339 composite?
True
Is 12323 a prime number?
True
Is 7993 composite?
False
Is 818527 composite?
True
Is 27631 a prime number?
True
Is 67839 prime?
False
Is 37 prime?
True
Is 63227 prime?
False
Is 13441 a composite number?
False
Is 374059 prime?
False
Is 365529 a prime number?
False
Is 63961 prime?
False
Is 6353 composite?
False
Is 872999 a composite number?
False
Is 8341 a prime number?
False
Is 54061 a composite number?
True
Is 383483 a prime number?
True
Is 3037 a composite number?
False
Is 207539 a composite number?
True
Is 16171 composite?
True
Is 26769 a composite number?
True
Is 87 a composite number?
True
Is 18489 prime?
False
Is 127837 a composite number?
False
Is 290281 prime?
False
Is 949459 a composite number?
True
Is 19486 prime?
False
Is 77663 composite?
True
Is 83199 composite?
True
Is 452185 a prime number?
False
Is 1341331 prime?
False
Is 4367 composite?
True
Is 63929 prime?
True
Is 65553 a prime number?
False
Is 415594 prime?
False
Is 410857 a composite number?
False
Is 1934597 prime?
False
Is 4661 a prime number?
False
Is 32462 prime?
False
Is 2063 prime?
True
Is 147853 prime?
True
Is 310147 composite?
True
Is 2088679 a prime number?
True
Is 5951 composite?
True
Is 11015 a composite number?
True
Is 75503 a composite number?
False
Is 185 composite?
True
Is 573037 a prime number?
False
Is 202273 composite?
True
Is 30949 prime?
True
Is 520127 a composite number?
True
Is 111001 prime?
False
Is 1814 prime?
False
Is 538366 composite?
True
Is 328847 composite?
False
Is 1976413 a prime number?
False
Is 2499311 a composite number?
False
Is 506951 composite?
True
Is 139267 a prime number?
True
Is 22529 prime?
False
Is 506279 a composite number?
True
Is 751193 a composite number?
False
Is 807289 a composite number?
True
Is 4963 a 